{"id":548,"date":"2024-11-21T18:50:54","date_gmt":"2024-11-21T18:50:54","guid":{"rendered":"https:\/\/scholasapientiae.fr\/ss2\/?post_type=product&#038;p=548"},"modified":"2026-01-05T18:32:32","modified_gmt":"2026-01-05T18:32:32","slug":"se-1","status":"publish","type":"product","link":"https:\/\/scholasapientiae.fr\/ss2\/product\/se-1\/","title":{"rendered":"Somme sur l&rsquo;Education &#8211; Tome I : Trait\u00e9 sur les quatre causes"},"content":{"rendered":"<p>Personne ne doutera de ce que l&rsquo;\u00e9ducation constitue une \u00e9tape phare de la vie humaine, en ce qu&rsquo;elle d\u00e9termine au premier chef la bont\u00e9 ou la malice d&rsquo;un homme, tant du point de vue de ses connaissances que de sa vertu. Et si beaucoup se lamentent aujourd&rsquo;hui du d\u00e9faut d&rsquo;\u00e9ducation chez les nouvelles g\u00e9n\u00e9rations, tous conviendront que c&rsquo;est ici qu&rsquo;il faut pr\u00e9cis\u00e9ment apporter le rem\u00e8de et orienter notre action.<\/p>\n<p>N&rsquo;est-il point \u00e0 propos alors d&rsquo;insister sur les sains principes qui doivent gouverner l&rsquo;\u0153uvre \u00e9ducatrice, de les remettre en lumi\u00e8re alors m\u00eame qu&rsquo;ils semblent avoir presque compl\u00e8tement disparus de notre soci\u00e9t\u00e9 ? Voici d\u00e9voil\u00e9 l&rsquo;objet exact de cette Somme.<\/p>\n<p>Sans pr\u00e9tendre donc se substituer \u00e0 l&rsquo;art \u00e9ducatif, ce premier tome nous renseignera sur les causes universelles de l&rsquo;\u00e9ducation. Et puisqu&rsquo;une science pratique s&rsquo;av\u00e8re d&rsquo;autant plus parfaite qu&rsquo;elle descend dans le particulier, les tomes suivants viendront pr\u00e9ciser chacune de ces causes (celle formelle surtout) jusqu&rsquo;aux confins de l&rsquo;action \u00e9ducatrice proprement dite.<\/p>\n<p><a href=\"https:\/\/scholasapientiae.fr\/ss2\/wp-content\/uploads\/2025\/11\/SS-De-Educatione-I-Extrait.pdf\">Visualiser un extrait ici<\/a><\/p>\n","protected":false},"excerpt":{"rendered":"<p>Premier tome de la Somme sur l&rsquo;Education, comprenant les principales questions sur les quatre causes<\/p>\n","protected":false},"featured_media":549,"template":"","meta":[],"product_brand":[],"product_cat":[25,26],"product_tag":[30],"class_list":{"0":"post-548","1":"product","2":"type-product","3":"status-publish","4":"has-post-thumbnail","6":"product_cat-livres","7":"product_cat-ouvrages-en-francais","8":"product_tag-education","10":"first","11":"instock","12":"sale","13":"shipping-taxable","14":"purchasable","15":"product-type-simple"},"jetpack_sharing_enabled":true,"_links":{"self":[{"href":"https:\/\/scholasapientiae.fr\/ss2\/wp-json\/wp\/v2\/product\/548","targetHints":{"allow":["GET"]}}],"collection":[{"href":"https:\/\/scholasapientiae.fr\/ss2\/wp-json\/wp\/v2\/product"}],"about":[{"href":"https:\/\/scholasapientiae.fr\/ss2\/wp-json\/wp\/v2\/types\/product"}],"wp:featuredmedia":[{"embeddable":true,"href":"https:\/\/scholasapientiae.fr\/ss2\/wp-json\/wp\/v2\/media\/549"}],"wp:attachment":[{"href":"https:\/\/scholasapientiae.fr\/ss2\/wp-json\/wp\/v2\/media?parent=548"}],"wp:term":[{"taxonomy":"product_brand","embeddable":true,"href":"https:\/\/scholasapientiae.fr\/ss2\/wp-json\/wp\/v2\/product_brand?post=548"},{"taxonomy":"product_cat","embeddable":true,"href":"https:\/\/scholasapientiae.fr\/ss2\/wp-json\/wp\/v2\/product_cat?post=548"},{"taxonomy":"product_tag","embeddable":true,"href":"https:\/\/scholasapientiae.fr\/ss2\/wp-json\/wp\/v2\/product_tag?post=548"}],"curies":[{"name":"wp","href":"https:\/\/api.w.org\/{rel}","templated":true}]}}