{"id":649,"date":"2021-04-21T17:14:41","date_gmt":"2021-04-21T17:14:41","guid":{"rendered":"https:\/\/scholasapientiae.fr\/ss2\/?post_type=product&#038;p=649"},"modified":"2026-01-05T10:05:32","modified_gmt":"2026-01-05T10:05:32","slug":"oo-1","status":"publish","type":"product","link":"https:\/\/scholasapientiae.fr\/ss2\/product\/oo-1\/","title":{"rendered":"Opera omnia Sancti Thom\u00e6 Aquinatis &#8211; Tome I : In Aristotelis libros Peri Hermeneias et Posteriorum Analyticorum expositio"},"content":{"rendered":"<p>Un long travail d&rsquo;\u00e9dition de toutes les \u0153uvres de saint Thomas d&rsquo;Aquin fut entrepris \u00e0 la demande du pape L\u00e9on XIII au XIX<sup>\u00e8me<\/sup>\u00a0si\u00e8cle, et publi\u00e9 sous le nom d&rsquo;<em>\u00e9dition l\u00e9onine<\/em>. Ce travail, toujours inachev\u00e9 \u00e0 ce jour, a pour premier tome les commentaires des trait\u00e9s de logique d&rsquo;Aristote. Parmi tous ceux qui composent l&rsquo;<em>Organon<\/em> d&rsquo;Aristote, saint Thomas s&rsquo;est en effet appliqu\u00e9 \u00e0 en commenter deux.<\/p>\n<p>Le\u00a0Trait\u00e9 sur l&rsquo;interpr\u00e9tation (<em>Peri Hermeneias<\/em>) \u00e9tudie d&rsquo;un point de vue mat\u00e9rielle et formelle la proposition \u00e9nonciative, expression de la deuxi\u00e8me op\u00e9ration de l&rsquo;intellect\u00a0qu&rsquo;est le jugement. Saint Thomas n&rsquo;en ayant pas achev\u00e9e l&rsquo;expos\u00e9, celui-ci a \u00e9t\u00e9 compl\u00e9t\u00e9 par Cajetan.<\/p>\n<p>Le Trait\u00e9 des seconds analytiques (<em>Posteriorum Analyticorum<\/em>) s&rsquo;int\u00e9resse\u00a0au syllogisme mat\u00e9riel (partie de la logique souvent d\u00e9sign\u00e9e sous le terme de \u00ab\u00a0grande logique\u00a0\u00bb), ce syllogisme \u00e9tant la meilleure expression de la troisi\u00e8me op\u00e9ration de l&rsquo;intellect qu&rsquo;est le raisonnement.<\/p>\n<p>Nous avons conserv\u00e9 au texte de l&rsquo;\u00e9dition l\u00e9onine, les seules notes \u00e0 caract\u00e8re philosophique (cf. l&rsquo;extrait ci-dessous). Le texte d&rsquo;Aristote est pr\u00e9sent\u00e9 pour sa part dans sa version originale grecque, et compl\u00e9t\u00e9 d&rsquo;une traduction latine.<\/p>\n<p><strong style=\"color: #bf1515;\"><span style=\"text-decoration: underline;\"><em>Nota bene :<\/em><\/span> Cet ouvrage est r\u00e9dig\u00e9 enti\u00e8rement en latin et grec, et n&rsquo;inclut aucune traduction en fran\u00e7ais. Tous nos ouvrages publi\u00e9s exclusivement en latin (couverture verte) sont imprim\u00e9s \u00e0 la demande, avec pour effet in\u00e9vitable de rallonger les d\u00e9lais de livraison.<\/strong><\/p>\n<p><a href=\"https:\/\/scholasapientiae.fr\/ss2\/wp-content\/uploads\/2026\/01\/SS-Peri-herm-et-Post-Anal-Extrait.pdf\">Visualiser un extrait ici<\/a><\/p>\n","protected":false},"excerpt":{"rendered":"<p>Premier tome des \u0153uvres compl\u00e8tes de saint Thomas d&rsquo;Aquin O.P, consacr\u00e9 aux commentaires des trait\u00e9s de Logique d&rsquo;Aristote.<\/p>\n<p>Cet ouvrage est exclusivement r\u00e9dig\u00e9 en latin et grec, sans traduction fran\u00e7aise.<\/p>\n","protected":false},"featured_media":650,"template":"","meta":[],"product_brand":[],"product_cat":[25,24],"product_tag":[27],"class_list":{"0":"post-649","1":"product","2":"type-product","3":"status-publish","4":"has-post-thumbnail","6":"product_cat-livres","7":"product_cat-la","8":"product_tag-logique","10":"first","11":"onbackorder","12":"sale","13":"shipping-taxable","14":"purchasable","15":"product-type-simple"},"jetpack_sharing_enabled":true,"_links":{"self":[{"href":"https:\/\/scholasapientiae.fr\/ss2\/wp-json\/wp\/v2\/product\/649","targetHints":{"allow":["GET"]}}],"collection":[{"href":"https:\/\/scholasapientiae.fr\/ss2\/wp-json\/wp\/v2\/product"}],"about":[{"href":"https:\/\/scholasapientiae.fr\/ss2\/wp-json\/wp\/v2\/types\/product"}],"wp:featuredmedia":[{"embeddable":true,"href":"https:\/\/scholasapientiae.fr\/ss2\/wp-json\/wp\/v2\/media\/650"}],"wp:attachment":[{"href":"https:\/\/scholasapientiae.fr\/ss2\/wp-json\/wp\/v2\/media?parent=649"}],"wp:term":[{"taxonomy":"product_brand","embeddable":true,"href":"https:\/\/scholasapientiae.fr\/ss2\/wp-json\/wp\/v2\/product_brand?post=649"},{"taxonomy":"product_cat","embeddable":true,"href":"https:\/\/scholasapientiae.fr\/ss2\/wp-json\/wp\/v2\/product_cat?post=649"},{"taxonomy":"product_tag","embeddable":true,"href":"https:\/\/scholasapientiae.fr\/ss2\/wp-json\/wp\/v2\/product_tag?post=649"}],"curies":[{"name":"wp","href":"https:\/\/api.w.org\/{rel}","templated":true}]}}